) = 21*s - 40. Let h be 3600/198 + 4/(-22). What is the tens digit of m(h)?
3
Let x = -1243 + 7549. What is the tens digit of x?
0
Let n(a) be the second derivative of a**5/20 + 7*a**4/12 + 4*a**3/3 + 7*a**2 + 30*a. Let k be n(-7). What is the tens digit of ((-56)/k)/(4/162)?
5
Suppose -f + 206 = -159. Let c be f + ((-25)/(-20) - 1/4). Suppose 8*k = 2*k + c. What is the tens digit of k?
6
Let t be (-2)/(904/184 - 5). Suppose t*h - 85 + 39 = 0. What is the units digit of h?
2
Let h(n) = -57*n - 6. Suppose -4*x = 3*m - 170, 46 = 2*m - m - 4*x. Suppose 0 = -4*b - m + 50. What is the units digit of h(b)?
1
Suppose -1282 - 1254 = 2*a. Let x = a - -2174. What is the tens digit of x?
0
Let p = 249 + -246. Suppose p*x + 5*f = 851, 2*f - 4 = -2. What is the units digit of x?
2
Suppose 6*o - 6002 = 2902. Suppose -o + 106 = -3*g + 5*m, 4*g + 2*m = 1820. What is the tens digit of g?
5
Let o(p) = 879*p + 3. Let q(n) = 4394*n + 17. Let f(z) = -11*o(z) + 2*q(z). What is the units digit of f(-1)?
2
Suppose 11 - 61 = -5*o. Suppose -9*w + 4*w = -o. Suppose 4*a = 3*v - 479, 83 + 549 = 4*v - w*a. What is the units digit of v?
7
Let l(h) be the third derivative of -113*h**4/8 - 15*h**3/2 + 2*h**2 + 111. What is the hundreds digit of l(-2)?
6
Let c = -63 + -168. Suppose 942 = -4*j - 870. Let i = c - j. What is the units digit of i?
2
Let z be (-1*6)/((-21)/5166). Let k = z - 1008. What is the units digit of k?
8
Let z = 38 + -34. Suppose -2 = -z*q - 18. Let k(a) = -42*a + 20. What is the hundreds digit of k(q)?
1
Let a(k) = -k**2 - 13*k - 16. Let i be a(-11). Let m be 16/136 + (-5)/(340/(-14952)). Suppose i*x - 4*x = m. What is the hundreds digit of x?
1
Let i = 276 + 147. Suppose i = -8*q + 4215. What is the hundreds digit of q?
4
Suppose 3*r - 31 = 3*o - 10, 2*o = 5*r - 20. Let t(c) = 19*c**2 - 17*c**r - 1 + 4*c + 0. What is the tens digit of t(-4)?
1
Suppose 3*n - 6*n - 1093 = 5*g, -3*n - 1078 = 2*g. Let h = n - -627. What is the units digit of h?
1
Suppose 14*c - 11*c - 294 = 0. Suppose c*j - 99*j = -25. Suppose 0 = -5*o + j, -o - 3*o = -5*p + 750. What is the units digit of p?
4
Let z be (14 + -8)/((-4)/(-6)). Suppose -7*h - 5 - z = 0. Let g(o) = -2*o**3 + 2*o**2 - o - 2. What is the tens digit of g(h)?
2
Let n(z) = -z**3 - 12*z**2 + 9*z - 8. Let l be (-1506)/36 - (3 + 34/(-12)). Let a be 3/((81/l)/9). What is the tens digit of n(a)?
5
Let r = -1 + 107. Suppose -5*l - r = -5*j + 189, 3*j - 5*l = 167. What is the tens digit of j?
6
Suppose 3135*s - 3112*s = 212221. What is the thousands digit of s?
9
Suppose 2*r + 40362 = 5*a, -42615 + 2283 = -5*a - 3*r. What is the tens digit of a?
7
Suppose -4*h + 20 = -5*d - 6, d = 2*h - 10. Let w be ((-21)/14)/(d/4). Suppose -765 = -3*p + w*c, -5*p - 760 = -8*p + 2*c. What is the units digit of p?
0
Let y = -4808 + 9444. What is the units digit of y?
6
Let o(x) = -15*x + 34. Let l be o(2). Suppose -360 = 5*h - 7*h - l*g, -4*g = -4*h + 744. What is the hundreds digit of h?
1
Let u = 63585 - 20288. What is the tens digit of u?
9
Let o(c) = -5*c + 24. Let j = 90 - 92. Let x be o(j). What is the tens digit of 20/(-12)*-3*x?
7
Suppose 587*z + 1512466 = 676*z. What is the ten thousands digit of z?
1
Let b = -102 + 70. Let y = -36 - b. What is the units digit of 1737*14/105 + y/(-10)?
2
Let m(x) = -x**2 - 14*x - 9. Let a be m(-5). Let z = -32 + a. Suppose 271 + 121 = 4*g - 4*i, -3*g = z*i - 280. What is the units digit of g?
6
Suppose 0 = -3*g - 2*q + 40, -g + 4*q + 0 + 4 = 0. Suppose -g*m + 6313 = -3923. What is the units digit of m?
3
Let u = 16418 + -5540. What is the hundreds digit of u?
8
Let l = 5853 - 3866. Suppose -25 = f - l. What is the thousands digit of f?
1
Let s = -324 - -324. Let k(z) = -z**2 + 7*z + 7. Let x be k(7). Suppose x*v - 797 - 736 = s. What is the hundreds digit of v?
2
Let h = 186 - 17. Let j = -61 - -63. Suppose 0 = c - 2*x - h, c + j*x - 142 = 35. What is the units digit of c?
3
Let m(k) = 220*k**3 - 4*k**2 - 9*k - 15. Let w be m(-3). What is the hundreds digit of (6/(-24))/(7/w)?
2
Suppose -164 = -8*r + 492. Let n = -44 + r. Let f = n - -20. What is the tens digit of f?
5
Let s be 1/(-1*27/(-12) + -2). Let a be ((-45)/(-162) + s/18)*-8. Let j(b) = 5*b**2 - 8*b - 10. What is the tens digit of j(a)?
0
Let p be -1 + (14 - (3 - 0)). Suppose -10 = -4*t + p. Suppose -2*o = -t*o + 225. What is the units digit of o?
5
Suppose 0 = -4*l - 5*o + 246, -2*l = -2*o + 3*o - 126. Suppose -b + 38 = -l. Suppose 3*i - b - 3 = 0. What is the tens digit of i?
3
Let q(r) = -460*r - 1333. What is the tens digit of q(-144)?
0
Let j(k) = 4*k**2 - 12*k + 9. Suppose -5*h + 5 = -4*f + 8, 8 = -2*h + 5*f. Let v be ((-28)/(-12) + -5 + h)*-3. What is the tens digit of j(v)?
4
Let g(h) = 5*h + 28. Let m be g(-8). What is the units digit of (m/(-8))/(21/938)?
7
Suppose -180*r + 177*r - 30 = 0. Let t(i) = -31*i - 25. What is the units digit of t(r)?
5
Let z = 52 + -48. Suppose k + 435 = 3*r, -195 - 95 = -2*r - z*k. Suppose -2*s + 75 = -5*w, 0*w - r = -3*s + w. What is the units digit of s?
0
Let o(x) = -x**3 - 9*x**2 - 10*x - 14. Let r be o(-8). Suppose -2*k + 3*v + 5 = 0, r*k - 2*v - 2 - 2 = 0. What is the tens digit of k/(-4) + (-1937)/(-52)?
3
Let l = 98 - 93. Suppose 3*n - 1362 - 408 = -3*k, 0 = -n - l. What is the tens digit of k?
9
Let b(z) = -6*z - 164. Let i be b(-31). What is the tens digit of 4/i + 60*1620/99?
8
Let x = 948 - 529. What is the tens digit of (x - -1)/3 + 8?
4
Suppose -7*g + 1 = -41. Suppose -r - 5*k - 12 = -k, -4*r - 4*k = 0. What is the units digit of g/r - (-981)/18?
6
Suppose 56127 = 5*o - 3*j + 7984, -4*j = o - 9601. What is the tens digit of o?
2
Let t be (-76)/48*-2 + 5/(-30). Suppose 4*n - 3*f - 278 - 460 = 0, 0 = t*n + 4*f - 566. What is the units digit of n?
6
Let k = -6 - 7. Let q = -704 - -823. Let b = k + q. What is the hundreds digit of b?
1
Suppose 0 = -4*q + 8*q - 16. Suppose 0 = 14*o - q*o - 250. Suppose 569 = 4*v - z + 214, 0 = 5*z - o. What is the units digit of v?
0
Let x be (-3017)/(-14) + (-3 - 7/(-2)). Suppose 16*p - 13*p - x = 0. What is the units digit of p?
2
Let p = 46 + -45. Let w be (2/(-4))/(p/(-166)) + -2. Let k = 126 - w. What is the units digit of k?
5
Let w be (-2)/5 + (24640/(-50))/(-7). Suppose 0 = -165*l + 166*l - w. What is the tens digit of l?
7
Let q = 409 - -5555. What is the hundreds digit of q?
9
Let z(x) = 65*x**2 + 6*x - 3. Suppose 9*h = 12 + 24. What is the hundreds digit of z(h)?
0
Let f be (-29)/(-3) - 12/(-36). Let q be 12/f*(-350)/(-15). Suppose -2*p - q = -4*p. What is the tens digit of p?
1
Let w(o) = 5 + 17*o**2 + 16*o - 47*o + 14*o + 19*o. Let s(n) = -2*n**2 - 3*n. Let l be s(-2). What is the tens digit of w(l)?
6
Suppose -1 = -11*v + 10*v. Let m be (5 + 740)/5 - v/(-1). Suppose 189 + m = 5*p - 3*o, -2*p + 135 = -o. What is the tens digit of p?
6
Suppose -17*p - 213 = -19*p - 5*u, 0 = -4*p + 4*u + 496. Suppose h = -0*h + 4*k + 49, 3*h = 5*k + p. What is the tens digit of h?
3
Let o be (-15)/25*(4*95)/(-4). Suppose 4*q - 151 - o = -5*y, -q + 52 = -5*y. What is the tens digit of q?
5
Suppose -3*j - 69 = -4*j - w, 0 = 3*j - 5*w - 199. Suppose -2*t - n + j = 0, t + 0*n - 48 = 3*n. What is the tens digit of t?
3
Suppose o - 3*w = 26 - 0, -w + 18 = o. Let c(g) = -g**2 + 36*g - 14. What is the units digit of c(o)?
6
What is the thousands digit of (2 - 180344/(-3)) + 84/63?
0
Suppose -14*k + 15*k = -4*h + 1055, h = k - 1040. Suppose b - k = 42. What is the units digit of b?
5
Suppose -24*j = -173337 + 56457. What is the hundreds digit of j?
8
Let f = 38662 + -24539. What is the tens digit of f?
2
Let d be (1 - (-1092)/(-2)) + 1 + 2. Let c = d + 992. What is the hundreds digit of c?
4
Suppose 5*j + 35 - 333 = 3*o, j - 54 = -5*o. Suppose -2*m - d - 43 = 0, 3*d + 66 = -3*m - 6. Let i = j + m. What is the tens digit of i?
4
Suppose 5*f - 483970 = -5*t, 0*f - 2*f - 2 = 0. What is the thousands digit of t?
6
What is the hundreds digit of 4 + -2 + (-92625)/(-15)?
1
Let a(z) = -z**3 + 2*z**2 + z - 2. Let t be a(2). Suppose t*f - f = -9. What is the tens digit of 850/18 + (-2)/f?
4
Let l = 73867 + -41200. What is the units digit of l?
7
Suppose 217035 = -4*j + 5*j + 90*j. What is the units digit of j?
5
Let g = -35 + 52. Let c be (-14)/(-119) + 32/g. Suppose -245 = -c*f 